3 + 1 = 2*w. Let z be -3*(705/(-9) - w). Suppose 7*y = 5*y + z. What are the prime factors of y?
2, 29
Let a = -793 - -735. What are the prime factors of (a/116)/(1/(-146))?
73
What are the prime factors of (-184)/276*229203/(-6)?
3, 13, 653
Let m(a) = -2*a**3 + 14*a**2 - 17*a + 3. Let b be m(8). Let s be (1 - b) + -1 + -1 + 0. Suppose 2*d + 4*j = s, d = -j - 0*j + 135. List the prime factors of d.
2, 5, 7
List the prime factors of 5/(-15)*-16970*(12 - 57/5).
2, 1697
Suppose 55*i - 189305 - 288920 = 0. List the prime factors of i.
5, 37, 47
Let u(q) = -25*q + 18. Let x be u(-40). Let v = -123 + x. List the prime factors of v.
5, 179
Suppose 1 = 3*n - 5. Suppose 2*k - 5*r + 30 = 0, -n*r + 39 + 15 = -5*k. List the prime factors of ((-1064)/70)/(4/k).
2, 19
What are the prime factors of ((-84780)/80)/(9/(-8) - -1) + 4?
2, 4241
Let m(l) be the first derivative of 9*l**4/4 - 2*l**3/3 + 3*l**2/2 - 83. What are the prime factors of m(3)?
2, 3, 13
Let k = 2488 - -5247. What are the prime factors of k?
5, 7, 13, 17
Let r(y) = 1855*y**2 - 8*y - 153. Let c be r(14). List the prime factors of ((-2)/4)/(c/(-36330) - -10).
7, 173
Let l be 2 + 9/(-4) - 2945/(-20). Suppose -g + l = 38. List the prime factors of g.
109
Let y(c) = -2*c**3 - 6*c**2 - 4*c + 20. Suppose -2*o = -3*s - 13, 0 = 5*s + 4*o + 7 + 22. What are the prime factors of y(s)?
2, 5, 7
Let w be (-4 + 3 + 2)*0. Suppose -3*g = 4*r - 12, 3*r - 4 = -w*g - g. Suppose -y + 97 = -g*d, -3*d - 100 = y - 2*y. List the prime factors of y.
109
Suppose 3*b - 2*r = 29 - 8, 3*b - 27 = 4*r. Suppose 3*w = -b*m + 7855, 5*m = -6*w + 8*w + 7855. What are the prime factors of m?
1571
Let u(d) = -d**3 - 13*d**2 - 10*d - 6. Let o be u(-12). Let p = -24 - o. What are the prime factors of 6 - (-38)/(-6) - (-464)/p?
7, 11
List the prime factors of 22/(264/84) - (1 + -5106).
2, 3, 71
Suppose -3*v = -5*j + 109, 121 = 5*j + 2*v + v. Suppose -192 = -0*c - 12*c. Suppose c*z = 17*z - j. List the prime factors of z.
23
Let i be (-12)/14*(8 + 0 + -1). List the prime factors of ((-3)/i)/(2/1012).
11, 23
Suppose 4*w = -3*l + 13596, 0 = -l - 5*w + 1532 + 2989. List the prime factors of (-1)/(9/l)*-1.
2, 3, 7
Let p(j) be the first derivative of -j**4/4 + 5*j**3/3 + j**2 + 5*j + 2. Let x be p(4). Let v(o) = o + 9. List the prime factors of v(x).
2, 19
List the prime factors of (-2227220)/(-193)*14/4.
2, 5, 7, 577
Suppose -2*a + q + 128 = -43, 0 = 4*a - 5*q - 357. Let i = 84 - a. Suppose 0 = n - 196 - i. List the prime factors of n.
197
Let d(s) = s**3 + 98*s**2 + 157*s - 595. List the prime factors of d(-92).
3, 5, 2383
Let g(k) = -1371*k**2 + 5*k - 4. Let j be g(1). Let o = -685 - j. List the prime factors of o.
5, 137
Suppose -98*v = 27646 - 578210. List the prime factors of v.
2, 53
Let h be (2 - 4) + (197 - 0). Suppose 2*t + h = j - 88, -5*j + 2*t + 1383 = 0. Suppose 43*a = 38*a + j. What are the prime factors of a?
5, 11
Let r = 147 - -9593. What are the prime factors of r?
2, 5, 487
What are the prime factors of ((29 - 3) + -15)*2917?
11, 2917
Suppose -5*y + 68204 = h, 173*h = -5*y + 178*h + 68240. What are the prime factors of y?
2, 19, 359
Let b be 0 + 4 - (2 - 2). Let j be 1*b*(-2)/(-8) + 3. Suppose 0*n + j*n = 392. List the prime factors of n.
2, 7
Let j be (-3)/((-42)/4) - (-109392)/112. Let o = j - 93. List the prime factors of o.
2, 13, 17
Let j = 302 + -297. Suppose -3*l = j*g - 5567, -53*g - 9266 = -5*l - 49*g. List the prime factors of l.
2, 3, 103
Suppose f - 23*h = -25*h - 3, 0 = 4*h. What are the prime factors of f*2/(-3)*3134/4?
1567
Suppose 0 = 21*l - 136 + 10. Suppose -l*j + 1492 = -4220. List the prime factors of j.
2, 7, 17
Let a(k) = -10*k - 31. Let o be a(-10). Suppose 60*g = o*g - 2547. What are the prime factors of g?
283
Let i(d) = d**3 - 2*d**2 - d + 498. Let m be (24 - 24)*1/2. List the prime factors of i(m).
2, 3, 83
Let g(k) = 12*k + 84. Let q be g(16). Let j = q + 92. List the prime factors of j.
2, 23
Suppose -y + 0*y = 3*a + 24, -a - 16 = y. Let l(x) = -x**2 - 12*x - 12. Let b be l(y). List the prime factors of -6*8/b*2.
2
Let o(x) = 18*x + 14213 + x**2 + 6*x - 14342. List the prime factors of o(21).
2, 3, 17
Let x(y) = y**2 + 3*y - 4. Let i be x(-4). Let h(q) = -2*q - 5 - 1 + 3 + i*q**2 + 83*q**2. What are the prime factors of h(-1)?
2, 41
Suppose -14*a = -10*a - 16. Suppose 0 = a*m - m - 6. Suppose m*s + 126 = 3*s - u, 505 = 4*s - 5*u. What are the prime factors of s?
5
Let k(y) = -1270*y + 4547. What are the prime factors of k(-15)?
7, 3371
Let j(p) = -17*p - 93. Let x be j(-6). Suppose x*g - 4402 = 674. List the prime factors of g.
2, 3, 47
Suppose v = -3*v + 8. Let t be v/5 + (-397)/5. What are the prime factors of t/((-1)/(4/4))?
79
What are the prime factors of (-96)/20*((-2)/6 + (-487123)/546)?
2, 3, 7, 17
Let w = 784 - 1192. Let q = -216 - w. List the prime factors of q.
2, 3
Suppose -13*s + 22*s - 3348 = 0. Suppose 3*g + 3*n - 628 = -2*g, 3*g - s = 3*n. Suppose -d - g = -2*d. What are the prime factors of d?
5
Let y be (-5120)/(-56) - (-15)/(-35). Let l be 2 + 188 + 2 + -3. Let u = l - y. What are the prime factors of u?
2, 7
Suppose -32 = -7*h + 10. List the prime factors of (68/h)/((-10)/(-45)).
3, 17
Let o(y) = -y**3 - 29*y**2 - 68*y - 23. Let c be o(-27). Let k = 558 - c. List the prime factors of k.
7, 29
Let v(t) = 0*t**3 + t**3 - 15*t**2 - 97*t**2 - 35*t + 50*t**2 - 52 + t**3. What are the prime factors of v(32)?
2, 3, 73
Let d = -10648 + 15990. List the prime factors of d.
2, 2671
Let f(i) = -31. Let h(c) = -c - 1. Let b(v) = f(v) + h(v). Let s be b(6). Let o = 123 + s. What are the prime factors of o?
5, 17
Let d(a) = 6*a - 21. Let h be d(3). List the prime factors of (4 - 1) + (5 - 2)/h.
2
Suppose -601*d + 595*d = 1182. Let y = -84 - d. List the prime factors of y.
113
Let g(p) = 6*p**3 + 6*p**2 - 12*p + 27. Let n be g(5). Let k = -347 + n. What are the prime factors of k?
2, 5, 13
Let a(y) = -2*y**3 + 2*y**2 + y - 2. Let r be a(-2). Suppose -t - 4*t = -r. List the prime factors of 1438/14 + t/14.
103
What are the prime factors of (-5778)/((-266)/(-1729) - -47*3/(-156))?
2, 3, 107
Let a(q) be the third derivative of -1/3*q**4 + 0*q - 1/60*q**5 + 3/2*q**3 + 0 - 39*q**2. What are the prime factors of a(-6)?
3, 7
Suppose 0 = -u + 5*t - 16, -8 = -13*t + 11*t. What are the prime factors of (-66)/u*(-1360)/60?
2, 11, 17
Let a = -5663 - -13586. What are the prime factors of a?
3, 19, 139
Let o = -3665 + 9554. What are the prime factors of o?
3, 13, 151
Let z(p) = -8*p - 56. Suppose 0*m + m + 16 = 0. Let k(d) = 3*d + 19. Let f(a) = m*k(a) - 5*z(a). List the prime factors of f(-8).
2, 5
Suppose -3 = 3*o - 2*u - 7, -2*u = -o. Suppose -3*h + 0 + 8 = -o*b, -5*h = -3*b - 12. List the prime factors of 62*b/8*(-3 - -2).
31
List the prime factors of (11474*8/12)/(264/594).
3, 5737
Suppose -5*x + 12 = c, 2*c + 0*x = 4*x - 4. Suppose -c*u - 2*p = -1 + 11, -u = -3*p - 3. Let i = u - -62. List the prime factors of i.
59
Let b(m) = 89*m**3 - m**2. Let k be b(1). Let r(i) = -11*i - 37. Let a be r(-4). Suppose 3*j - a*j = -k. List the prime factors of j.
2, 11
Let y = -80141 - -112461. What are the prime factors of y?
2, 5, 101
Suppose 38 = 6*d + 13*d. What are the prime factors of (305 - d/(-2))/(118 - 117)?
2, 3, 17
Let y = 68607 - 18005. List the prime factors of y.
2, 25301
Let m(o) = -116*o - 4512. List the prime factors of m(-41).
2, 61
Suppose 14*x = -8*x - 5654. Let g = 372 + x. What are the prime factors of g?
5, 23
Let j(u) = -u**2 - 15*u - 12. Let l be j(-14). What are the prime factors of ((-6)/(-9))/(6/4536*l)?
2, 3, 7
Let u(n) = -n**3 + 17*n**2 + 95*n - 171. Let z be u(21). Suppose 2*h = 0, 4*h = w + 2*w + 54. Let k = z + w. What are the prime factors of k?
2, 3, 7
Suppose -5*g + 4*g = -147. Suppose 5*x + g = 12*x. Let f = 108 - x. What are the prime factors of f?
3, 29
Let l be 4 + 0 + (8 - 10). Suppose 0 = -v - 5*n + 25, 16 = v + 2*n - 12. Suppose -206 = -l*q - v. List the prime factors of q.
2, 11
List the prime factors of ((-13697)/5)/((-15)/75).
13697
Let v(y) = -y**2 - 3*y + 19. Let x be v(4). Let k(w) = w**3 + 10*w**2 + 11*w + 22. Let f be k(x). What are the prime factors of (-2280)/(-45)*6/f?
2, 19
Suppose 5*t = -5*l + 20, t + 50 = 5*l - 0*l. Suppose 968 = l*w - 2371. What a